he remainder when 7023306 is divided by 15677?
10
What is the remainder when 2018331 is divided by 39575?
6
What is the remainder when 8677745 is divided by 87?
17
What is the remainder when 14420031 is divided by 1142?
1139
What is the remainder when 11404562 is divided by 2337?
2
What is the remainder when 148443678 is divided by 560?
558
Calculate the remainder when 2789437 is divided by 6610.
17
What is the remainder when 151991830 is divided by 12?
10
What is the remainder when 3446996 is divided by 276?
32
What is the remainder when 36117396 is divided by 20?
16
What is the remainder when 12207742 is divided by 50?
42
What is the remainder when 22039228 is divided by 10?
8
What is the remainder when 143103442 is divided by 207?
202
Calculate the remainder when 92873 is divided by 4266.
3287
Calculate the remainder when 793437 is divided by 71.
12
Calculate the remainder when 3835326 is divided by 426147.
3
What is the remainder when 60861 is divided by 4344?
45
Calculate the remainder when 5197868 is divided by 1299467.
0
Calculate the remainder when 35241560 is divided by 8817.
11
Calculate the remainder when 1083150262 is divided by 8.
6
What is the remainder when 1265475 is divided by 1265465?
10
What is the remainder when 1253878 is divided by 32150?
28
Calculate the remainder when 182094 is divided by 182082.
12
Calculate the remainder when 306062528 is divided by 1745.
1743
Calculate the remainder when 90010 is divided by 3648.
2458
What is the remainder when 615790 is divided by 4220?
3890
What is the remainder when 245189 is divided by 9430?
9
What is the remainder when 8276861 is divided by 61310?
11
What is the remainder when 748866 is divided by 622?
600
Calculate the remainder when 8225490 is divided by 2977.
39
What is the remainder when 43739 is divided by 6159?
626
Calculate the remainder when 593213 is divided by 1854.
1787
What is the remainder when 63896 is divided by 5804?
52
Calculate the remainder when 24657297 is divided by 1063.
1012
What is the remainder when 3552995 is divided by 495?
380
Calculate the remainder when 9123323 is divided by 506834.
311
What is the remainder when 4032869 is divided by 571?
467
Calculate the remainder when 115638870 is divided by 2902.
2876
Calculate the remainder when 90601 is divided by 30169.
94
Calculate the remainder when 371940 is divided by 18.
6
What is the remainder when 10338 is divided by 835?
318
Calculate the remainder when 6661261 is divided by 139.
103
Calculate the remainder when 32153008 is divided by 42.
34
What is the remainder when 52767667 is divided by 5863071?
28
What is the remainder when 623237159 is divided by 70?
69
Calculate the remainder when 815061 is divided by 67917.
57
What is the remainder when 41707773 is divided by 66?
63
Calculate the remainder when 645621 is divided by 14347.
6
What is the remainder when 99003513 is divided by 3459?
15
What is the remainder when 236377 is divided by 78788?
13
What is the remainder when 3228915 is divided by 13?
1
What is the remainder when 1147951 is divided by 5290?
21
Calculate the remainder when 2340285 is divided by 184.
173
What is the remainder when 487040 is divided by 154?
92
What is the remainder when 667659296 is divided by 5390?
5386
Calculate the remainder when 2930440 is divided by 976796.
52
What is the remainder when 120027 is divided by 5233?
4901
What is the remainder when 390508 is divided by 14463?
7
Calculate the remainder when 644800 is divided by 522.
130
Calculate the remainder when 183573 is divided by 91687.
199
What is the remainder when 2791585 is divided by 380?
105
What is the remainder when 972078 is divided by 544?
494
Calculate the remainder when 2436316 is divided by 27.
25
Calculate the remainder when 755226461 is divided by 3071.
3070
What is the remainder when 65748536 is divided by 2522?
2518
What is the remainder when 339375 is divided by 42351?
567
Calculate the remainder when 120362 is divided by 60181.
0
What is the remainder when 201441 is divided by 66439?
2124
Calculate the remainder when 744685 is divided by 124114.
1
What is the remainder when 3078466 is divided by 54008?
10
What is the remainder when 684663 is divided by 294?
231
Calculate the remainder when 2405000 is divided by 110.
70
What is the remainder when 1067292 is divided by 1300?
1292
Calculate the remainder when 418700 is divided by 139260.
920
Calculate the remainder when 80368426 is divided by 1327.
1325
What is the remainder when 106007383 is divided by 6536?
6535
What is the remainder when 13369 is divided by 3269?
293
What is the remainder when 166453 is divided by 83209?
35
What is the remainder when 1200670 is divided by 2171?
107
Calculate the remainder when 285159 is divided by 1254.
501
Calculate the remainder when 599949 is divided by 1500.
1449
Calculate the remainder when 6779097 is divided by 6.
3
Calculate the remainder when 7884496 is divided by 315379.
21
Calculate the remainder when 167213 is divided by 82.
15
Calculate the remainder when 309962 is divided by 106.
18
Calculate the remainder when 4675657 is divided by 142.
23
Calculate the remainder when 72166 is divided by 3154.
2778
Calculate the remainder when 2949806 is divided by 77624.
94
Calculate the remainder when 292377 is divided by 882.
435
Calculate the remainder when 199674 is divided by 207.
126
What is the remainder when 1019157 is divided by 822?
699
What is the remainder when 159770 is divided by 8402?
132
What is the remainder when 180836 is divided by 90408?
20
What is the remainder when 241288 is divided by 6469?
1935
Calculate the remainder when 626104 is divided by 73.
56
Calculate the remainder when 979885158 is divided by 40.
38
What is the remainder when 276773109 is divided by 154?
151
What is the remainder when 38274392 is divided by 4410?
2
Calculate the remainder when 83672457 is divided by 1335.
1332
What is the remainder when 314913061 is divided by 499862?
1
Calculate the remainder when 11299905 is divided by 491300.
5
What is the remainder when 4677356 is divided by 202?
46
What is the remainder when 714168 is divided by 153?
117
What is the remainder when 35091799 is divided by 5848633?
1
Calculate the remainder when 2522162 is divided by 96990.
422
Calculate the remainder when 65318220 is divided by 331.
4
Calculate the remainder when 1392529 is divided by 974.
683
What is the remainder when 1248 is divided by 592?
64
What is the remainder when 12059 is divided by 11565?
494
Calculate the remainder when 234828818 is divided by 170.
168
Calculate the remainder when 405652 is divided by 14010.
13372
Calculate the remainder when 2418518 is divided by 105.
53
What is the remainder when 7479611 is divided by 67?
66
Calculate the remainder when 1728117 is divided by 7481.
6
Calculate the remainder when 190556 is divided by 96.
92
Calculate the remainder when 170619 is divided by 3.
0
Calculate the remainder when 116319 is divided by 568.
447
What is the remainder when 161895 is divided by 80900?
95
Calculate the remainder when 1225686 is divided by 278.
262
Calculate the remainder when 477322 is divided by 17046.
34
What is the remainder when 4314398 is divided by 29?
10
What is the remainder when 254132981 is divided by 7609?
7599
What is the remainder when 2499830 is divided by 12135?
20
What is the remainder when 29109 is divided by 1043?
948
Calculate the remainder when 2877880 is divided by 325.
5
What is the remainder when 87298 is divided by 2639?
211
What is the remainder when 6758987 is divided by 70?
67
Calculate the remainder when 99703 is divided by 4982.
63
What is the remainder when 63158715 is divided by 1253?
1250
What is the remainder when 102400393 is divided by 193?
190
What is the remainder when 362813 is divided by 14218?
7363
What is the remainder when 74468 is divided by 2399?
99
What is the remainder when 1027107 is divided by 511?
508
Calculate the remainder when 1323830 is divided by 527.
6
What is the remainder when 121678739 is divided by 291?
290
What is the remainder when 19998 is divided by 2843?
97
Calculate the remainder when 186161 is divided by 102.
11
What is the remainder when 967554 is divided by 1492?
738
Calculate the remainder when 22723505 is divided by 113.
109